{"id":160,"date":"2020-04-07T08:46:34","date_gmt":"2020-04-07T08:46:34","guid":{"rendered":"https:\/\/www.sahra-damus.de\/wordpress?page_id=160"},"modified":"2020-04-07T08:47:42","modified_gmt":"2020-04-07T08:47:42","slug":"netiquette","status":"publish","type":"page","link":"https:\/\/www.sahra-damus.de\/wordpress\/kontakt\/netiquette\/","title":{"rendered":"Netiquette"},"content":{"rendered":"<p class=\"bodytext\">Liebe Besucherinnen und Besucher dieser Seite,<\/p>\n<p>unser Ziel ist es, unterschiedlichen Meinungen und Argumenten den n\u00f6tigen Raum zu lassen. Deshalb freuen wir uns \u00fcber Ihre Kommentare, Fragen und Anregungen jeglicher Art, insofern diese ein gewisses Ma\u00df an Respekt und Sachlichkeit erf\u00fcllen.<\/p>\n<p>An dieser Stelle finden Sie deshalb in einer \u201eNetiquette\u201c einige Regeln, um deren Beachtung wir bitten. Diese Regeln gelten f\u00fcr die Kontaktaufnahme \u00fcber diese Seite ebenso wie f\u00fcr jegliche Kontaktaufnahme \u00fcber E-mail, per Telefon oder andere Kan\u00e4le.<\/p>\n<ul>\n<li>Rassistische, fremdenfeindliche, sexistische, verleumderische oder beleidigende Inhalte werden weder freigeschaltet noch beantwortet.<\/li>\n<li>Nachrichten, welche nicht mit einem Mindestma\u00df an H\u00f6flichkeit verfasst werden, werden weder freigeschaltet noch beantwortet. Bitte formulieren Sie Ihre Nachricht gegebenenfalls um und kontaktieren uns erneut.<\/li>\n<li>Das \u201eFluten\u201c dieser Seite oder unseres Postfachs mit einer Vielzahl von gleichlautenden Nachrichten und Kommentaren innerhalb eines kurzen Zeitraums durch ein und dieselbe Person f\u00fchrt nicht zu einer schnelleren Bearbeitung. Wir bem\u00fchen uns darum, auf alle Anfragen zu antworten, dies kann jedoch manchmal etwas Zeit in Anspruch nehmen. Nat\u00fcrlich k\u00f6nnen Sie gerne nachfragen, wenn Sie auch nach einiger Zeit nichts von uns geh\u00f6rt haben.<\/li>\n<\/ul>\n<p class=\"bodytext\">Mit diesen Regeln soll eine klare Handlungsbasis geschaffen werden, mit der auch kontroverse Meinungen und Diskussionen einen guten Rahmen bekommen.<\/p>\n<p>Herzlichen Gru\u00df,<\/p>\n<p>Ihre Sahra Damus und Team<\/p>\n","protected":false},"excerpt":{"rendered":"<p>Liebe Besucherinnen und Besucher dieser Seite, unser Ziel ist es, unterschiedlichen Meinungen und Argumenten den n\u00f6tigen Raum zu lassen. Deshalb freuen wir uns \u00fcber Ihre Kommentare, Fragen und Anregungen jeglicher [&hellip;]<\/p>\n","protected":false},"author":1,"featured_media":0,"parent":149,"menu_order":0,"comment_status":"closed","ping_status":"closed","template":"page-sidebar.php","meta":{"footnotes":""},"class_list":["post-160","page","type-page","status-publish","hentry"],"_links":{"self":[{"href":"https:\/\/www.sahra-damus.de\/wordpress\/wp-json\/wp\/v2\/pages\/160","targetHints":{"allow":["GET"]}}],"collection":[{"href":"https:\/\/www.sahra-damus.de\/wordpress\/wp-json\/wp\/v2\/pages"}],"about":[{"href":"https:\/\/www.sahra-damus.de\/wordpress\/wp-json\/wp\/v2\/types\/page"}],"author":[{"embeddable":true,"href":"https:\/\/www.sahra-damus.de\/wordpress\/wp-json\/wp\/v2\/users\/1"}],"replies":[{"embeddable":true,"href":"https:\/\/www.sahra-damus.de\/wordpress\/wp-json\/wp\/v2\/comments?post=160"}],"version-history":[{"count":3,"href":"https:\/\/www.sahra-damus.de\/wordpress\/wp-json\/wp\/v2\/pages\/160\/revisions"}],"predecessor-version":[{"id":164,"href":"https:\/\/www.sahra-damus.de\/wordpress\/wp-json\/wp\/v2\/pages\/160\/revisions\/164"}],"up":[{"embeddable":true,"href":"https:\/\/www.sahra-damus.de\/wordpress\/wp-json\/wp\/v2\/pages\/149"}],"wp:attachment":[{"href":"https:\/\/www.sahra-damus.de\/wordpress\/wp-json\/wp\/v2\/media?parent=160"}],"curies":[{"name":"wp","href":"https:\/\/api.w.org\/{rel}","templated":true}]}}

<p class="bodytext">Liebe Besucherinnen und Besucher dieser Seite,</p>
<p>unser Ziel ist es, unterschiedlichen Meinungen und Argumenten den nötigen Raum zu lassen. Deshalb freuen wir uns über Ihre Kommentare, Fragen und Anregungen jeglicher Art, insofern diese ein gewisses Maß an Respekt und Sachlichkeit erfüllen.</p>
<p>An dieser Stelle finden Sie deshalb in einer „Netiquette“ einige Regeln, um deren Beachtung wir bitten. Diese Regeln gelten für die Kontaktaufnahme über diese Seite ebenso wie für jegliche Kontaktaufnahme über E-mail, per Telefon oder andere Kanäle.</p>
<ul>
<li>Rassistische, fremdenfeindliche, sexistische, verleumderische oder beleidigende Inhalte werden weder freigeschaltet noch beantwortet.</li>
<li>Nachrichten, welche nicht mit einem Mindestmaß an Höflichkeit verfasst werden, werden weder freigeschaltet noch beantwortet. Bitte formulieren Sie Ihre Nachricht gegebenenfalls um und kontaktieren uns erneut.</li>
<li>Das „Fluten“ dieser Seite oder unseres Postfachs mit einer Vielzahl von gleichlautenden Nachrichten und Kommentaren innerhalb eines kurzen Zeitraums durch ein und dieselbe Person führt nicht zu einer schnelleren Bearbeitung. Wir bemühen uns darum, auf alle Anfragen zu antworten, dies kann jedoch manchmal etwas Zeit in Anspruch nehmen. Natürlich können Sie gerne nachfragen, wenn Sie auch nach einiger Zeit nichts von uns gehört haben.</li>
</ul>
<p class="bodytext">Mit diesen Regeln soll eine klare Handlungsbasis geschaffen werden, mit der auch kontroverse Meinungen und Diskussionen einen guten Rahmen bekommen.</p>
<p>Herzlichen Gruß,</p>
<p>Ihre Sahra Damus und Team</p>

<p>Liebe Besucherinnen und Besucher dieser Seite, unser Ziel ist es, unterschiedlichen Meinungen und Argumenten den nötigen Raum zu lassen. Deshalb freuen wir uns über Ihre Kommentare, Fragen und Anregungen jeglicher [&hellip;]</p>
